common factor of 1638 and 189?
63
What is the greatest common divisor of 70 and 56?
14
Calculate the greatest common divisor of 2225 and 89.
89
What is the greatest common factor of 3 and 453?
3
What is the greatest common divisor of 32 and 12?
4
Calculate the greatest common factor of 2635 and 1705.
155
Calculate the highest common divisor of 156 and 104.
52
Calculate the highest common divisor of 112 and 1232.
112
Calculate the highest common factor of 484 and 1012.
44
What is the highest common divisor of 32 and 6?
2
Calculate the highest common factor of 1072 and 32.
16
What is the highest common divisor of 100 and 36?
4
What is the greatest common factor of 63 and 81?
9
What is the greatest common factor of 64 and 4?
4
What is the highest common divisor of 480 and 42?
6
Calculate the highest common factor of 10 and 778.
2
What is the highest common factor of 336 and 63?
21
What is the highest common divisor of 2 and 2?
2
Calculate the greatest common divisor of 195 and 165.
15
What is the highest common divisor of 2097 and 18?
9
Calculate the greatest common divisor of 18 and 906.
6
What is the highest common factor of 318 and 30?
6
What is the highest common divisor of 10470 and 165?
15
Calculate the greatest common divisor of 142 and 9869.
71
What is the greatest common factor of 48 and 552?
24
What is the greatest common factor of 9815 and 65?
65
Calculate the highest common divisor of 22 and 121.
11
What is the greatest common factor of 14 and 1246?
14
What is the greatest common factor of 2700 and 1020?
60
Calculate the greatest common factor of 79 and 1185.
79
What is the highest common divisor of 8 and 40?
8
Calculate the highest common divisor of 75 and 120.
15
What is the greatest common divisor of 282 and 1128?
282
What is the highest common divisor of 1219 and 159?
53
What is the highest common divisor of 2004 and 12?
12
Calculate the greatest common divisor of 299 and 13.
13
What is the greatest common factor of 58 and 29?
29
Calculate the highest common factor of 21 and 343.
7
What is the greatest common divisor of 14906 and 58?
58
What is the highest common factor of 154 and 22?
22
Calculate the greatest common factor of 74 and 629.
37
Calculate the greatest common factor of 2108 and 868.
124
What is the highest common factor of 5832 and 234?
18
Calculate the highest common factor of 2041 and 39.
13
Calculate the greatest common divisor of 354 and 2950.
118
What is the greatest common factor of 1666 and 102?
34
What is the greatest common divisor of 39 and 24193?
13
Calculate the greatest common divisor of 84 and 768.
12
Calculate the greatest common divisor of 175 and 70.
35
Calculate the greatest common factor of 550 and 3465.
55
What is the greatest common factor of 23 and 2737?
23
What is the highest common factor of 72 and 232?
8
Calculate the highest common divisor of 5213 and 26.
13
Calculate the highest common factor of 8019 and 33.
33
What is the highest common factor of 819 and 702?
117
Calculate the highest common factor of 583 and 275.
11
What is the highest common factor of 4401 and 27?
27
Calculate the greatest common divisor of 156 and 24.
12
Calculate the greatest common divisor of 189 and 252.
63
What is the greatest common factor of 9201 and 6?
3
What is the greatest common factor of 4832 and 56?
8
What is the highest common divisor of 18 and 294?
6
Calculate the highest common divisor of 21602 and 7.
7
What is the greatest common factor of 130 and 60?
10
Calculate the highest common factor of 6 and 33.
3
Calculate the highest common divisor of 360 and 1640.
40
What is the greatest common divisor of 56660 and 20?
20
Calculate the greatest common divisor of 31 and 248.
31
Calculate the highest common divisor of 432 and 378.
54
What is the greatest common divisor of 57 and 2698?
19
Calculate the greatest common divisor of 493 and 1711.
29
Calculate the highest common divisor of 14 and 343.
7
What is the greatest common divisor of 180 and 1830?
30
Calculate the greatest common factor of 22 and 473.
11
What is the highest common factor of 44 and 60?
4
Calculate the greatest common factor of 78 and 507.
39
What is the highest common divisor of 415 and 5?
5
What is the greatest common factor of 8448 and 231?
33
Calculate the greatest common divisor of 35 and 560.
35
Calculate the highest common factor of 138 and 368.
46
What is the greatest common divisor of 476 and 35?
7
What is the greatest common factor of 1829 and 413?
59
Calculate the highest common factor of 6945 and 15.
15
Calculate the highest common divisor of 104 and 468.
52
Calculate the highest common factor of 30 and 12.
6
What is the highest common divisor of 1390 and 10?
10
Calculate the greatest common factor of 7126 and 56.
14
Calculate the greatest common divisor of 93 and 1302.
93
What is the greatest common divisor of 78 and 53274?
78
What is the highest common factor of 60998 and 14?
14
What is the greatest common divisor of 50 and 14150?
50
What is the highest common factor of 54 and 192?
6
Calculate the greatest common divisor of 2125 and 17.
17
What is the highest common divisor of 36 and 40104?
36
Calculate the highest common factor of 1012 and 92.
92
What is the greatest common divisor of 175 and 1975?
25
Calculate the highest common divisor of 41 and 6396.
41
What is the greatest common factor of 1971 and 189?
27
Calculate the greatest common divisor of 756 and 1188.
108
Calculate the highest common factor of 46 and 17894.
46
What is the highest common factor of 195 and 351?
39
What is the greatest common divisor of 11 and 25432?
11
What is the highest common factor of 60 and 680?
20
Calculate the highest common divisor of 575 and 299.
23
Calculate the greatest common divisor of 624 and 12.
12
What is the greatest common divisor of 850 and 50?
50
Calculate the highest common factor of 14 and 1246.
14
What is the greatest common factor of 64 and 752?
16
Calculate the highest common divisor of 17395 and 71.
71
What is the greatest common factor of 316 and 22?
2
Calculate the greatest common divisor of 5856 and 854.
122
What is the greatest common factor of 292 and 2993?
73
Calculate the highest common factor of 1334 and 174.
58
What is the greatest common factor of 117 and 225?
9
What is the highest common divisor of 833 and 34?
17
What is the highest common divisor of 767 and 59?
59
What is the highest common divisor of 4557 and 93?
93
Calculate the highest common factor of 27 and 432.
27
What is the greatest common divisor of 30 and 110?
10
What is the greatest common divisor of 845 and 55?
5
Calculate the greatest common divisor of 15 and 66.
3
Calculate the greatest common divisor of 13 and 8.
1
Calculate the highest common factor of 96 and 42.
6
Calculate the highest common factor of 96 and 5088.
96
Calculate the highest common divisor of 8 and 40.
8
Calculate the highest common factor of 42 and 182.
14
Calculate the highest common divisor of 176 and 1001.
11
What is the greatest common factor of 638 and 132?
22
What is the greatest common factor of 6975 and 2511?
279
What is the highest common divisor of 140 and 160?
20
Calculate the highest common divisor of 8 and 1.
1
Calculate the highest common divisor of 3 and 1155.
3
Calculate the highest common divisor of 342 and 855.
171
What is the greatest common factor of 8107 and 67?
67
Calculate the highest common divisor of 387 and 243.
9
What is the greatest common factor of 102 and 85?
17
Calculate the greatest common factor of 1 and 121.
1
What is the greatest common factor of 765 and 30?
15
Calculate the greatest common factor of 86 and 1161.
43
Calculate the greatest common factor of 1258 and 34.
34
Calculate the greatest common factor of 38594 and 46.
46
What is the highest common divisor of 9 and 39681?
9
Calculate the greatest common factor of 1 and 177.
1
What is the highest common divisor of 88 and 374?
22
Calculate the highest common divisor of 125 and 350.
25
Calculate the highest common factor of 3256 and 264.
88
What is the highest common factor of 21 and 154?
7
What is the highest common factor of 2130 and 30?
30
What is the greatest common factor of 52 and 2418?
26
What is the highest common factor of 6355 and 155?
155
What is the highest common factor of 123 and 3